ivisor of j and i.
7
Let l(m) = 2*m**2 + 7*m + 5. Let d be l(-7). Suppose 3*t + 2 = -10, 16 = c - 4*t. Suppose -z = -c*z - 36. What is the greatest common divisor of z and d?
18
Suppose 53 = 5*b - u - 911, -5*u = 2*b - 364. What is the greatest common divisor of 12 and b?
12
Let u(k) = k**3 - k + 8. Let d = 0 + 0. Let p be u(d). Calculate the highest common factor of 64 and p.
8
Let y = -40 - -26. Let o be -2 + 1 - (3 + y). What is the highest common divisor of o and 90?
10
Let f(d) = 0*d**2 + 4*d - 2 + d + d**2 - 7*d. Let a be f(5). Let t be (4/6)/((-2)/(-39)). Calculate the highest common factor of a and t.
13
Suppose 3*i - 4*y = 7*i - 40, -5 = -2*i + 3*y. Suppose 0*j - 5*j + 5 = 0. What is the greatest common factor of i and j?
1
Suppose 3*l + 2*w - 106 = 0, -4*l - 47 + 195 = -4*w. Let n(g) = 6*g**2 + g + 2. Let i be n(-2). What is the highest common factor of l and i?
12
Suppose 2*d = 0, 4*d + 0*d - 4 = -b. Suppose -5*j = -0*j - 160. What is the highest common divisor of b and j?
4
Let m = -2 + 11. What is the greatest common divisor of 63 and m?
9
Suppose 197 = 4*k + 3*i, -4*k + i + i + 202 = 0. What is the highest common divisor of 20 and k?
10
Suppose 4*a = 4*g - 120, 13*g - 8*g = -3*a + 134. What is the greatest common factor of g and 70?
14
Let u be (-6)/9 - (-554)/3. Suppose -z = 2*z - 2*g - 136, 4*z - 2*g - u = 0. Suppose 4*n - 28 + 4 = 0. What is the highest common divisor of n and z?
6
Suppose 0 = -4*h + h + 792. Suppose -g + h = g. Calculate the greatest common factor of 12 and g.
12
Suppose 0 = 3*v + 12, -h - 5 + 23 = -5*v. Let k be 15 - h - (0 - 0). Calculate the greatest common factor of k and 68.
17
Suppose 0 = -0*n - 3*n + 18. Suppose 5*x = 1184 - 44. Suppose 0 = 5*s - 3*g + 7*g - x, 105 = 2*s - 3*g. Calculate the greatest common divisor of s and n.
6
Suppose 0 = -h - j + 40, 4*h = 4*j + j + 160. Suppose h = 4*p - 3*p. Calculate the highest common divisor of p and 5.
5
Let u be (-351)/(-9)*2/6. What is the highest common divisor of u and 13?
13
Let p be 11*2/(-4)*-2. Let g be (295/(-2) + -1)*-2. Suppose -g - 198 = -5*v. Calculate the greatest common factor of v and p.
11
Let z be ((-3)/5)/((-3)/15). Suppose q - 44 = -z*q. Suppose -2*y + 7 = -q. What is the greatest common factor of 9 and y?
9
Suppose 5*i + 30 = -0*i. Let m(d) = -2*d + 7. Let n be m(i). Suppose 2*j = -4*r - 0*j + 152, 3*r + 2*j = 114. Calculate the greatest common factor of r and n.
19
Suppose -4*m + 5*m = 7. Let h = 3 + m. Calculate the greatest common divisor of 2 and h.
2
Let x be 4/14 + 80/14. Let n be 3/x*1*-2. Let w = n + 31. What is the greatest common divisor of w and 10?
10
Suppose -19*s = -34*s + 1980. What is the greatest common factor of 33 and s?
33
Suppose -5*h + 2*h + 45 = 0. What is the greatest common divisor of h and 120?
15
Suppose 0 = h + 3*h - 8. Suppose -l = -0*l - h. Suppose 3*x - 5 = l*x. What is the greatest common factor of x and 45?
5
Suppose -w - w + 20 = -3*q, 0 = 3*w - q - 30. Let n = w + -8. Calculate the greatest common factor of n and 14.
2
Let n = 42 - 2. What is the highest common factor of 20 and n?
20
Let r be (2 - 4)/(-2)*2. Suppose -r*j + 64 = -4*t, -j - 2*j = -3*t - 81. Calculate the greatest common divisor of 176 and j.
22
Let m(n) = -464*n**3 - n**2 - n + 1. Let o be m(1). Let g be 1/(((-12)/o)/4). What is the highest common divisor of g and 31?
31
Suppose -3*l = 2*m - 7*l, 26 = 5*m + 3*l. Let b be -6 + -5 + 2 + 1. Let r = 9 + b. What is the highest common factor of r and m?
1
Let z(n) = -7*n + 59. Let i be z(0). Let m be (-10)/(-8) + (-3)/12. Suppose -3*q + i = -m. What is the highest common divisor of q and 8?
4
Let k be ((-132)/(-36))/((-1)/(-3)). Calculate the greatest common divisor of k and 22.
11
Suppose -2*j - 8 = -28. Let n = 45 + j. What is the highest common divisor of 11 and n?
11
Suppose -u + 46 = 5*k + 3*u, 36 = 4*k + 3*u. Suppose -8*r = -r - 294. What is the highest common factor of k and r?
6
Let q(u) = -u**2 - 9*u + 8. Let f be q(-7). What is the greatest common factor of f and 11?
11
Let k(x) = 2*x - 9. Let c be k(9). Calculate the highest common factor of 45 and c.
9
Let y(l) = 11*l - 6. Let r be y(4). Calculate the greatest common factor of 114 and r.
38
Let i be 6/(-12) + 1742/4. Suppose 5*p - i = -5*c, 3*c - p - 246 = p. Suppose 0*y = 4*y - c. Calculate the highest common factor of 7 and y.
7
Let u be ((-16)/(-20))/((-2)/10). Let b be 15/6 - (-6)/u. Suppose 10 = 2*v + 8*h - 4*h, 0 = 4*v - h - 20. What is the highest common divisor of b and v?
1
Let w be 124/(-12) + (-2)/(-6). Let f be (-397)/(-5) + 4/w. Suppose t - f = -0*p - 2*p, -5*t = 4*p - 155. Calculate the highest common divisor of p and 8.
8
Let t be 6*((-25)/15)/(-1). Calculate the highest common divisor of t and 5.
5
Let i be (2/4)/(2/24). Suppose -2*z = g + 702, 4*z = -g + i*g + 3468. Let b be 2/5 - g/10. Calculate the greatest common divisor of 14 and b.
14
Suppose 2*k = -4*b + 668, -3*k + 3*b = 5*b - 994. What is the greatest common factor of k and 30?
30
Let r = -2 - -2. Let u be 2 + (0/(-2) - r). Suppose 4*q + i = 9 + 6, 3*i + 5 = -u*q. What is the greatest common factor of q and 10?
5
Let n be 72 - -10 - (0 + -2). Calculate the highest common divisor of 12 and n.
12
Let d(y) = y**2 + 3*y + 3. Let z be d(-3). Suppose -v = -4*x + 29, -5*v + 46 = 5*x - z*v. What is the highest common divisor of x and 1?
1
Let y = 9 - 0. Suppose -11*n + 34 = -y*n. Suppose 0 = -a - 2, -493 + 11 = -4*t + 3*a. Calculate the greatest common factor of t and n.
17
Let v(c) = 12*c - 4. Let t be v(1). What is the greatest common factor of t and 64?
8
Let a = -16 + 26. Let x(w) = -8*w - 5*w - 2 + 3*w**2 + a*w. Let c be x(3). Calculate the highest common divisor of c and 64.
16
Suppose -f = 4*f + 25. Let t be (2 + f*3)*-1. What is the highest common factor of 91 and t?
13
Let b = 39 - 27. Calculate the highest common divisor of 72 and b.
12
Let b(z) = 3*z**2 - 5*z. Let t be b(5). What is the greatest common factor of 20 and t?
10
Suppose 0*z = -z + 28. What is the highest common divisor of z and 14?
14
Let k = 16 + -11. Let n be (6/10 + 0)*k. Suppose -n*y + 132 = -0*y. Calculate the greatest common factor of y and 22.
22
Let i = 16 + 3. Let r be (2 - 0)*-1 - -4. Suppose 0*x + 418 = r*x. What is the highest common factor of i and x?
19
Let i(n) = 7*n**2 - 5*n + 40. Let k(p) = 4*p**2 - 3*p + 20. Let r(y) = 3*i(y) - 5*k(y). Let q be r(0). What is the highest common factor of 10 and q?
10
Let s(c) = c**2 - c + 4. Let v be s(3). Let i be ((-3)/(-6))/((-2)/(-188)). Let o = 77 - i. What is the greatest common factor of v and o?
10
Let l(p) be the third derivative of -p**5/30 + 11*p**4/24 + 7*p**3/6 - 6*p**2. Let g be l(6). What is the highest common divisor of 5 and g?
1
Suppose 4*u = 4*j + 64, 4*j - 3*j = -2*u + 26. Let r be -1*u*(-4)/8. Calculate the highest common divisor of 42 and r.
7
Suppose 8*l - 5*l = 24. Calculate the highest common factor of 8 and l.
8
Let x = 2 + 1. What is the highest common divisor of 15 and x?
3
Suppose v - 2 - 1 = 0. Calculate the greatest common factor of 3 and v.
3
Let j(y) = -y**3 + 12*y**2 + 5*y - 18. Let o be j(12). Calculate the greatest common factor of o and 6.
6
Let d(p) = p**3 - 8*p**2 + 6*p + 10. Let t be d(7). Let u be -40*t/12*-2. Calculate the greatest common divisor of 8 and u.
4
Let y(a) = 2*a - 33. Let m be y(17). Suppose 7*c - 2*c = 10. What is the greatest common divisor of c and m?
1
Let v be 1/5 + 12/(-10). Let o be (-2 + 1)/(v/4). What is the greatest common factor of 10 and o?
2
Let h(g) = -g**2 - 5*g + 2. Let t be h(-5). Calculate the greatest common divisor of 22 and t.
2
Let w = 60 - -110. What is the highest common factor of w and 34?
34
Let r = -3 + 3. Let s = r - -5. What is the highest common divisor of s and 10?
5
Suppose -8 - 12 = -2*c. Let n be -4 + 0 + 1 - -93. What is the highest common divisor of n and c?
10
Let w = 10 + -5. Suppose 0 = 3*i + w*p - 24, -2*p - 5 = -11. Suppose -12 = -4*c + i*c. What is the greatest common divisor of 36 and c?
12
Let z = 100 + -55. Let x = -17 + z. Suppose b - 19 = -p, -2*b = 2*p - 4*b - 18. Calculate the greatest common divisor of p and x.
14
Let r(z) = 4*z**2 + z - 1. Let w be r(1). Let u = 69 + -6. Let c = -19 + u. What is the greatest common divisor of w and c?
